{"id":187,"date":"2025-11-06T09:58:56","date_gmt":"2025-11-06T09:58:56","guid":{"rendered":"https:\/\/dezylez.com\/?page_id=187"},"modified":"2026-01-20T10:34:08","modified_gmt":"2026-01-20T10:34:08","slug":"quienes-somos","status":"publish","type":"page","link":"https:\/\/dezylez.com\/?page_id=187","title":{"rendered":"QUI\u00c9NES SOMOS"},"content":{"rendered":"\n<div style=\"height:50px\" aria-hidden=\"true\" class=\"wp-block-spacer\"><\/div>\n\n\n\n<p>Somos una empresa de <strong>dise\u00f1o y fabricaci\u00f3n de accesorios de cocina<\/strong>, fundada en <strong>2021<\/strong>, nacida con la vocaci\u00f3n de crear productos que combinen <strong>funcionalidad, dise\u00f1o y calidad<\/strong>, respetando al mismo tiempo nuestro entorno y nuestras ra\u00edces.<\/p>\n\n\n\n<p>Apostamos por la <strong>fabricaci\u00f3n local<\/strong> y el <strong>trabajo artesanal<\/strong>, cuidando cada detalle del proceso productivo. Utilizamos materiales seleccionados y procesos responsables que nos permiten reducir el impacto ambiental y garantizar productos duraderos, pensados para acompa\u00f1ar el uso diario durante muchos a\u00f1os.<\/p>\n\n\n\n<p>La <strong>sostenibilidad<\/strong> forma parte de nuestra manera de trabajar: dise\u00f1amos accesorios eficientes, evitamos lo innecesario y priorizamos soluciones que aporten valor real a la cocina. Cada pieza es el resultado de la uni\u00f3n entre dise\u00f1o contempor\u00e1neo, conocimiento t\u00e9cnico y dedicaci\u00f3n manual.<\/p>\n\n\n\n<p>Creemos que la cocina es un espacio vivo, y por eso trabajamos de forma cercana con nuestros clientes y colaboradores, desarrollando accesorios que se adaptan a sus necesidades, mejoran la funcionalidad y aportan personalidad a cada proyecto.<\/p>\n\n\n\n<p>Seguimos creciendo con la misma filosof\u00eda con la que comenzamos: <strong>dise\u00f1ar y fabricar accesorios de cocina honestos, bien hechos y pensados para durar<\/strong>.<\/p>\n\n\n\n<p><\/p>\n","protected":false},"excerpt":{"rendered":"<p>Somos una empresa de dise\u00f1o y fabricaci\u00f3n de accesorios de cocina, fundada en 2021, nacida con la vocaci\u00f3n de crear [&hellip;]<\/p>\n","protected":false},"author":1,"featured_media":0,"parent":0,"menu_order":0,"comment_status":"closed","ping_status":"closed","template":"","meta":{"site-sidebar-layout":"default","site-content-layout":"","ast-site-content-layout":"default","site-content-style":"default","site-sidebar-style":"default","ast-global-header-display":"","ast-banner-title-visibility":"","ast-main-header-display":"","ast-hfb-above-header-display":"","ast-hfb-below-header-display":"","ast-hfb-mobile-header-display":"","site-post-title":"disabled","ast-breadcrumbs-content":"","ast-featured-img":"","footer-sml-layout":"","ast-disable-related-posts":"","theme-transparent-header-meta":"","adv-header-id-meta":"","stick-header-meta":"","header-above-stick-meta":"","header-main-stick-meta":"","header-below-stick-meta":"","astra-migrate-meta-layouts":"default","ast-page-background-enabled":"default","ast-page-background-meta":{"desktop":{"background-color":"var(--ast-global-color-5)","background-image":"","background-repeat":"repeat","background-position":"center center","background-size":"auto","background-attachment":"scroll","background-type":"","background-media":"","overlay-type":"","overlay-color":"","overlay-opacity":"","overlay-gradient":""},"tablet":{"background-color":"","background-image":"","background-repeat":"repeat","background-position":"center center","background-size":"auto","background-attachment":"scroll","background-type":"","background-media":"","overlay-type":"","overlay-color":"","overlay-opacity":"","overlay-gradient":""},"mobile":{"background-color":"","background-image":"","background-repeat":"repeat","background-position":"center center","background-size":"auto","background-attachment":"scroll","background-type":"","background-media":"","overlay-type":"","overlay-color":"","overlay-opacity":"","overlay-gradient":""}},"ast-content-background-meta":{"desktop":{"background-color":"var(--ast-global-color-4)","background-image":"","background-repeat":"repeat","background-position":"center center","background-size":"auto","background-attachment":"scroll","background-type":"","background-media":"","overlay-type":"","overlay-color":"","overlay-opacity":"","overlay-gradient":""},"tablet":{"background-color":"var(--ast-global-color-4)","background-image":"","background-repeat":"repeat","background-position":"center center","background-size":"auto","background-attachment":"scroll","background-type":"","background-media":"","overlay-type":"","overlay-color":"","overlay-opacity":"","overlay-gradient":""},"mobile":{"background-color":"var(--ast-global-color-4)","background-image":"","background-repeat":"repeat","background-position":"center center","background-size":"auto","background-attachment":"scroll","background-type":"","background-media":"","overlay-type":"","overlay-color":"","overlay-opacity":"","overlay-gradient":""}},"footnotes":""},"class_list":["post-187","page","type-page","status-publish","hentry"],"jetpack_sharing_enabled":true,"_links":{"self":[{"href":"https:\/\/dezylez.com\/index.php?rest_route=\/wp\/v2\/pages\/187","targetHints":{"allow":["GET"]}}],"collection":[{"href":"https:\/\/dezylez.com\/index.php?rest_route=\/wp\/v2\/pages"}],"about":[{"href":"https:\/\/dezylez.com\/index.php?rest_route=\/wp\/v2\/types\/page"}],"author":[{"embeddable":true,"href":"https:\/\/dezylez.com\/index.php?rest_route=\/wp\/v2\/users\/1"}],"replies":[{"embeddable":true,"href":"https:\/\/dezylez.com\/index.php?rest_route=%2Fwp%2Fv2%2Fcomments&post=187"}],"version-history":[{"count":2,"href":"https:\/\/dezylez.com\/index.php?rest_route=\/wp\/v2\/pages\/187\/revisions"}],"predecessor-version":[{"id":267,"href":"https:\/\/dezylez.com\/index.php?rest_route=\/wp\/v2\/pages\/187\/revisions\/267"}],"wp:attachment":[{"href":"https:\/\/dezylez.com\/index.php?rest_route=%2Fwp%2Fv2%2Fmedia&parent=187"}],"curies":[{"name":"wp","href":"https:\/\/api.w.org\/{rel}","templated":true}]}}